e factors of 14936283.
3, 1659587
What are the prime factors of 526893?
3, 175631
List the prime factors of 791187.
3, 263729
List the prime factors of 46003.
179, 257
What are the prime factors of 16256016?
2, 3, 7, 16127
What are the prime factors of 15170316?
2, 3, 7, 59, 3061
What are the prime factors of 255882?
2, 3, 11, 3877
What are the prime factors of 13612684?
2, 3403171
List the prime factors of 1308726.
2, 3, 72707
What are the prime factors of 450733?
167, 2699
List the prime factors of 32507942.
2, 109, 149119
What are the prime factors of 3517646?
2, 11, 127, 1259
What are the prime factors of 842702?
2, 7, 8599
List the prime factors of 2287236.
2, 3, 7, 73, 373
List the prime factors of 1101914.
2, 11, 50087
What are the prime factors of 1972314?
2, 3, 19, 73, 79
What are the prime factors of 2300466?
2, 3, 7, 54773
What are the prime factors of 3490484?
2, 872621
What are the prime factors of 7825766?
2, 13, 29, 97, 107
List the prime factors of 3106226.
2, 307, 5059
List the prime factors of 9274121.
577, 16073
What are the prime factors of 152819?
152819
What are the prime factors of 4440?
2, 3, 5, 37
What are the prime factors of 438224?
2, 61, 449
What are the prime factors of 317531?
311, 1021
List the prime factors of 4311792.
2, 3, 1109
List the prime factors of 486459.
3, 43, 419
What are the prime factors of 212353?
212353
What are the prime factors of 525052?
2, 11, 11933
List the prime factors of 16479300.
2, 3, 5, 163, 337
What are the prime factors of 1406446?
2, 703223
List the prime factors of 6373900.
2, 5, 13, 4903
What are the prime factors of 648832?
2, 37, 137
List the prime factors of 1712176.
2, 113, 947
What are the prime factors of 668876?
2, 13, 19, 677
What are the prime factors of 1643579?
7, 71, 3307
List the prime factors of 3574686.
2, 3, 233, 2557
List the prime factors of 225690.
2, 3, 5, 7523
List the prime factors of 5176689.
3, 7, 246509
List the prime factors of 21243329.
23, 379, 2437
What are the prime factors of 3092643?
3, 343627
What are the prime factors of 3090363?
3, 1030121
What are the prime factors of 36919081?
37, 997813
What are the prime factors of 6542445?
3, 5, 7, 13, 4793
What are the prime factors of 3282563?
3282563
List the prime factors of 40110.
2, 3, 5, 7, 191
List the prime factors of 769631.
29, 26539
List the prime factors of 5764849.
1471, 3919
List the prime factors of 952018.
2, 476009
List the prime factors of 37631872.
2, 293999
What are the prime factors of 1773526?
2, 571, 1553
List the prime factors of 1156747.
1156747
What are the prime factors of 1660359?
3, 43, 61, 211
What are the prime factors of 131051?
29, 4519
What are the prime factors of 7606638?
2, 3, 13, 32507
What are the prime factors of 2931494?
2, 29, 50543
List the prime factors of 14889780.
2, 3, 5, 82721
List the prime factors of 2597664.
2, 3, 27059
List the prime factors of 7340401.
43, 170707
List the prime factors of 260314.
2, 23, 5659
List the prime factors of 1973805.
3, 5, 181, 727
List the prime factors of 128257.
128257
List the prime factors of 885827.
79, 11213
What are the prime factors of 23283030?
2, 3, 5, 17, 71, 643
What are the prime factors of 320858?
2, 17, 9437
What are the prime factors of 28101289?
17, 53, 31189
What are the prime factors of 101231?
13, 599
List the prime factors of 220089.
3, 73363
What are the prime factors of 88214?
2, 7, 6301
List the prime factors of 4589692.
2, 1147423
What are the prime factors of 73259?
73259
List the prime factors of 1455531.
3, 7, 11, 6301
What are the prime factors of 411435?
3, 5, 41, 223
List the prime factors of 28556776.
2, 3569597
What are the prime factors of 1520459?
911, 1669
What are the prime factors of 762551?
131, 5821
What are the prime factors of 6402397?
79, 81043
What are the prime factors of 55912?
2, 29, 241
List the prime factors of 1100676.
2, 3, 37, 67
What are the prime factors of 4802?
2, 7
List the prime factors of 142060.
2, 5, 7103
What are the prime factors of 30449235?
3, 5, 1399, 1451
What are the prime factors of 1560491?
59, 26449
What are the prime factors of 569500?
2, 5, 17, 67
List the prime factors of 82245.
3, 5, 5483
List the prime factors of 9137706.
2, 3, 1522951
What are the prime factors of 954063?
3, 11, 23, 419
What are the prime factors of 3887331?
3, 7, 37, 5003
List the prime factors of 565828.
2, 17, 53, 157
What are the prime factors of 99641?
37, 2693
List the prime factors of 199409.
7, 61, 467
List the prime factors of 14743026.
2, 3, 41, 6659
List the prime factors of 5113317.
3, 11, 89, 1741
List the prime factors of 37105541.
11, 197, 17123
What are the prime factors of 27502311?
3, 17, 539261
What are the prime factors of 13239605?
5, 23, 115127
What are the prime factors of 297465?
3, 5, 7, 2833
What are the prime factors of 91698?
2, 3, 17, 29, 31
List the prime factors of 710463.
3, 13, 18217
List the prime factors of 23409424.
2, 1463089
What are the prime factors of 2834566?
2, 7, 23, 8803
What are the prime factors of 14683899?
3, 4894633
What are the prime factors of 9865675?
5, 337, 1171
List the prime factors of 952821.
3, 23, 4603
List the prime factors of 72479.
11, 599
List the prime factors of 19204136.
2, 7, 19, 18049
List the prime factors of 2794262.
2, 1397131
What are the prime factors of 384178?
2, 47, 61, 67
List the prime factors of 21839915.
5, 43, 101581
List the prime factors of 1413658.
2, 706829
What are the prime factors of 82520?
2, 5, 2063
What are the prime factors of 3639247?
71, 51257
List the prime factors of 12636228.
2, 3, 11, 29, 3301
What are the prime factors of 751336?
2, 19, 4943
List the prime factors of 111377.
7, 2273
What are the prime factors of 2412872?
2, 7, 11, 3917
What are the prime factors of 886554?
2, 3, 49253
List the prime factors of 314814.
2, 3, 71, 739
What are the prime factors of 101545?
5, 23, 883
What are the prime factors of 1358009?
1358009
List the prime factors of 389735.
5, 23, 3389
What are the prime factors of 33526137?
3, 233, 47963
List the prime factors of 4380647.
4380647
List the prime factors of 198921.
3, 61, 1087
What are the prime factors of 1030711?
11, 93701
What are the prime factors of 703106?
2, 317, 1109
What are the prime factors of 194612?
2, 11, 4423
List the prime factors of 1046575.
5, 41863
What are the prime factors of 715030?
2, 5, 71503
List the prime factors of 9327383.
13, 717491
What are the prime factors of 59449?
13, 17, 269
What are the prime factors of 545662?
2, 13, 31, 677
List the prime factors of 1705869.
3, 11, 17231
List the prime factors of 394522.
2, 197261
List the prime factors of 3267406.
2, 1633703
What are the prime factors of 27325?
5, 1093
What are the prime factors of 5055320?
2, 5, 47, 2689
What are the prime factors of 909891?
3, 17, 19, 313
What are the prime factors of 574605?
3, 5, 113
List the prime factors of 135394.
2, 7, 19, 509
List the prime factors of 19689779.
73, 269723
What are the prime factors of 318356?
2, 79589
List the prime factors of 3927040.
2, 5, 13, 59
What are the prime factors of 121847?
11, 19, 53
List the prime factors of 3326820.
2, 3, 5, 7, 89
What are the prime factors of 1597064?
2, 7, 19, 79
List the prime factors of 2423643.
3, 499, 1619
List the prime factors of 139513.
11, 1153
What are the prime factors of 2924415?
3, 5, 13, 4999
List the prime factors of 189201.
3, 63067
List the prime factors of 159020.
2, 5, 7951
List the prime factors of 302844.
2, 3, 25237
What are the prime factors of 1022962?
2, 97, 5273
List the prime factors of 178091.
178091
List the prime factors of 417170.
2, 5, 13, 3209
List the prime factors of 1068179.
7, 152597
What are the prime factors of 7023063?
3, 113, 20717
What are the prime factors of 5074880?
2, 5, 15859
What are the prime factors of 328866?
2, 3, 59, 929
List the prime factors of 6845233.
389, 17597
What are the prime factors of 319089?
3, 106363
What are the prime factors of 2558457?
3, 11, 43, 601
List the prime factors of 18777826.
2, 17, 79, 6991
List the prime factors of 1385305.
5, 461, 601
List the prime factors of 706885.
5, 37, 3821
What are the prime factors of 3108281?
11, 282571
What are the prime factors of 268024?
2, 33503
What are the prime factors of 5